ose 0*c = -2*c. Suppose c = -4*x + 5*x - 11. What is the units digit of z(x)?
2
Let i(w) = 10*w**2 - 9*w + 74. What is the thousands digit of i(-10)?
1
Let i(f) be the second derivative of 2*f**3 - f**2/2 + 9*f. What is the tens digit of i(2)?
2
Let b(x) = -2*x**3 - 8*x**2 - 2*x + 6. Let o be b(-5). Suppose 5*y - 185 = -5*z, 5*z = y + y + 213. Let f = o - z. What is the units digit of f?
5
Let z = 9 - -171. What is the hundreds digit of z?
1
What is the tens digit of (-189)/(-126)*(-172)/(-3)?
8
Let f(u) = -u - 1. Let r be f(-4). Suppose n - 6 = -r. Suppose -4*y - 4*z = -144, 5*z = n*y - 146 + 38. What is the tens digit of y?
3
Let s = -1 - -14. Suppose 5*o + 3 = s. Suppose -o*b + 22 + 22 = 0. What is the units digit of b?
2
Let g be (-6)/8 - 78/(-8). Suppose 29 = 4*m + g. Suppose -m*x - 3*y = -149, 5*x + y = 2*x + 91. What is the tens digit of x?
3
Suppose -3*o - 1788 = -3*w, -o + 598 = 3*w - 2*w. What is the hundreds digit of w?
5
Suppose -370 + 58 = -6*j. Suppose -6*b + 32 + j = 0. What is the units digit of b?
4
Let l(t) = -t**2 + t. Let u(m) = -m**3 + 3*m**2 + 3*m - 2. Let g(x) = -6*l(x) + u(x). What is the tens digit of g(6)?
8
Let l be (-10)/(-30) - (-2)/(-6). Let d = 2 - l. Suppose -d*p - 20 = -6*p. What is the units digit of p?
5
Let v = 63 + -61. Suppose 0 = d - 3*t + 6, d - 4*d + 5*t - v = 0. What is the units digit of d?
6
Suppose -6*r = -4*r + 40. Let f be 12/r - (-324)/(-10). Let c = -19 - f. What is the units digit of c?
4
Let k(w) = -134*w + 58. What is the units digit of k(-3)?
0
Let o(v) = 2*v**2 + 4*v + 4. Let y be o(-2). Let d be (-15)/y*128/(-6). Let s = 139 - d. What is the tens digit of s?
5
Suppose -230 + 1510 = 10*y. What is the hundreds digit of y?
1
Suppose -9 = -5*u - z - 0, 3*u = 3*z - 9. What is the tens digit of 3 + (41 - (0 - u))?
4
Suppose 5*l - 1949 = 361. What is the units digit of l?
2
Let v = 33 - 37. Let j be (-1 - 0)*20 + v. Let a = -11 - j. What is the tens digit of a?
1
Let y(q) = 22*q**2 - 13*q - 11. Let z be y(-9). What is the hundreds digit of z/10 + 5/25?
1
Suppose -4*t = -k - 15, 6*k + 20 = 4*k - 2*t. Suppose -r - 34 = -3*r. Let i = r - k. What is the tens digit of i?
2
Let q(k) = -11*k**2 - 16*k - 8. Let g(t) = -5*t**2 - 8*t - 4. Let w(r) = 13*g(r) - 6*q(r). Let y be w(9). What is the units digit of (-3)/y + (-106)/(-10)?
0
Let r(d) = 24*d - 16. What is the tens digit of r(5)?
0
Suppose 5*z = -5*v + 2335, -5*z - 2*v + 339 = -1984. What is the hundreds digit of z?
4
Suppose -r + 530 = -524. What is the tens digit of r?
5
Let l be (-1)/((-2)/(-8)) - (2 + -13). Suppose 273 + 1008 = l*n. What is the tens digit of n?
8
Suppose -3*b = 3*i - 144 - 33, 5*b - 236 = -4*i. Let h(w) = 3*w**2 + 3*w - 3. Let x be h(2). Suppose -i = -4*p - x. What is the units digit of p?
1
Let s(q) be the second derivative of q**3/3 - 2*q**2 + q. Let y be ((-10)/4)/((-11)/22). What is the units digit of s(y)?
6
Let i = -39 + 43. Let g(l) = -5*l + 11. Let n be g(-7). Let x = i + n. What is the tens digit of x?
5
Suppose 9*x + 4*s = 8*x + 1529, -3*x + 4527 = -3*s. What is the tens digit of x?
1
Let d be 2/(-19) - (-14620)/(-95). What is the units digit of (-6)/(d/150 - -1) + 3?
8
Let w(f) = 7*f**2 + 16*f + 77. What is the units digit of w(-9)?
0
Suppose -36*z - 86 = -626. What is the tens digit of z?
1
Let k(b) be the third derivative of -10*b**2 - 11/24*b**4 - 1/60*b**5 + 0*b + 0 + 1/3*b**3. What is the tens digit of k(-10)?
1
Let d = 1150 + 1108. What is the hundreds digit of d?
2
Let m = 384 - 239. What is the tens digit of m?
4
Suppose -7*c + 6241 + 794 = 0. What is the hundreds digit of c?
0
What is the tens digit of (93/(-2))/(45/(-60))?
6
Let t(l) = -329*l - 16. What is the hundreds digit of t(-1)?
3
Let k(m) = -m + 4 - 16*m - m**3 + 10*m - m**2. What is the tens digit of k(-4)?
8
Let j(t) be the third derivative of t**4/3 - t**3 + 5*t**2. Let k be j(-6). Let w = 96 + k. What is the units digit of w?
2
Let w be 2 + 1 + 20/5. Suppose -4 = -11*j + w*j. Let q(m) = 22*m**3 - m + 1. What is the tens digit of q(j)?
2
Suppose 7*o - 21 = -7. Suppose -7*d + 2*h = -3*d - 78, o*h = -6. What is the units digit of d?
8
Suppose 6*i - 5*i - 243 = 0. Suppose i*v = 244*v - 206. What is the hundreds digit of v?
2
Let p(t) = -2*t + 1. Let c be p(-1). Suppose 0 = c*f + 5 + 4. What is the tens digit of (-8)/(-12) + (-73)/f?
2
What is the hundreds digit of (-11917)/(-34) + 18/4?
3
Suppose 0 = -13*k + 7*k + 2028. Suppose -2*f - 4*w - 92 = -k, -f + 3*w + 118 = 0. What is the hundreds digit of f?
1
Let m = -140 + 150. Suppose 656 + 734 = m*f. What is the hundreds digit of f?
1
Let w(q) = q**3 - q**2 - q + 73. Let j be (9/(-18))/((-2)/8). Suppose -a - k = j, 3*k = -4*a + 2 - 8. What is the tens digit of w(a)?
7
Let s(a) = -6*a - 14. Let r be -4 + 1 + (-12)/2. Let p be s(r). Suppose p = g + n + 3*n, n + 125 = 2*g. What is the tens digit of g?
6
Let n(d) be the third derivative of -1/2*d**3 + 0 - 7/24*d**4 - 5*d**2 - 1/60*d**5 + 0*d. What is the units digit of n(-5)?
7
Let a = 1253 + -806. What is the units digit of a?
7
Suppose 4*r + f - 496 = 0, -2*r + 3*f + f + 248 = 0. Suppose 4*a = 220 + r. What is the tens digit of a?
8
Suppose -239 + 63 = -4*z. Suppose 0 = -3*o + z + 121. What is the units digit of o?
5
Suppose 0 = 3*o + 19 - 7, 22 = 2*m + o. What is the tens digit of m?
1
Let k = 154 + 533. What is the hundreds digit of k?
6
Suppose -3*k = -3*f + 30, 0*f + 4*k - 8 = -2*f. Suppose -3*y - 75 = -f*y. What is the tens digit of y?
1
Let v = 20 + -2. What is the units digit of 83/3 - (-24)/v?
9
What is the hundreds digit of ((-4080)/(-100))/((-2)/(-120))?
4
Suppose -v + 4 = -3*v. Let x = -134 + 135. What is the units digit of (-70)/10*(x + v)?
7
Suppose -5*f + 10104 = -d + 1078, -4*d - 1809 = -f. What is the hundreds digit of f?
8
Let x = 1459 - 1079. What is the units digit of x?
0
Let s(w) = -2*w + 16. Let j be s(6). Suppose -j*y = y + 4*f - 171, 3*y - 77 = 4*f. Suppose y = 2*a - 23. What is the units digit of a?
7
Suppose 0 = 2*t + 259 - 1927. What is the units digit of t?
4
Let h be (33/(-6) - -5)*0. Suppose -588 = -4*f - 5*m, -4*m = -f - h*f + 147. What is the tens digit of f?
4
Let v = 29 - 25. Suppose -f + 5 = v. What is the tens digit of 155/5 - -2*f?
3
Let y(a) = 5*a**3 - 25*a**2 + 39*a - 57. Let w(p) = -3*p**3 + 12*p**2 - 20*p + 29. Let x(l) = -7*w(l) - 4*y(l). What is the units digit of x(-17)?
8
Suppose -1932 = -o - 5*o. What is the hundreds digit of o?
3
Let u(c) = 2*c**2 + 3*c - 8. Let p be u(6). Let o = -71 + p. What is the units digit of o?
1
Let v = -132 + 191. Let a(r) = -r**2 - 6*r - 4. Let k be a(-5). Suppose -5*n + 6 = -h, 4*h + n = k + v. What is the units digit of h?
4
Suppose -5*n - 2*t + 1300 - 399 = 0, 0 = 2*t + 4. What is the hundreds digit of n?
1
Let n be (2/(-6))/(3/(-63)). Suppose n*h = -0*h + 245. What is the tens digit of h?
3
Suppose 6*r + 380 - 1364 = 0. What is the units digit of r?
4
Let g(j) = -4*j - 13. Suppose 3*l - 7*l + 16 = 0. Let y be (-3)/(-4) + (-27)/l. What is the units digit of g(y)?
1
Let p be (-4)/(((-45)/(-10))/(-9)). Let b be 80 - (-4)/p*-8. Let x = b + -32. What is the units digit of x?
4
Suppose -5*g + 2*t = -190, -4*g = -2*t + 6*t - 124. What is the hundreds digit of 5356/g + (-4)/(-18)?
1
Suppose -14*j + 6 = -11*j. Suppose j*f - 22 = o, -3*o + f = -4*f + 65. Let h = o + 42. What is the tens digit of h?
2
Suppose 4*d - 2*t = -3*t - 398, -5*d - 498 = t. Let n be ((-12)/(-7))/(2/14). What is the tens digit of n/(-10)*d/6?
2
Let k(v) = -v**2 - 7*v + 7. Let o be k(-8). What is the units digit of 3/(o + 0) + 54 + -1?
0
Suppose -5*q = -2*w - 814, 3*w - 156 = 2*q - 3*q. Suppose q + 4 = 2*t. What is the tens digit of t?
8
Let h = -50 + 90. Suppose -t - 2*t + 4*l = -5, 4*t = -3*l + h. What is the units digit of t?
7
Suppose -q = -3*n - 282 + 17, 3*n - 1307 = -5*q. Let l = q - 137. What is the units digit of l?
5
Let d = -406 + 1283. What is the tens digit of d?
7
Let x = 32 - -11. Suppose s - 77 - x = 0. What is the units digit of s?
0
Suppose -637 = -5*g + o, g - 157 = 3*o - 38. Suppose -3*v + g = -v + 2*u, 152 = 3*v - 5*u. What is the units digit of v?
9
Suppose 18*c - 11366 = 46. What is the tens digit of c?
3
Suppose -3*l - 2*k = -13762, 11*l - 6*l = 3*k + 22962. What is the tens digit of l?
9
